 + d. Let a = -1007 + q. What is the remainder when a is divided by 53?
50
Suppose -3*i + 2*v + 138 = 0, 2*v + 51 = i + 3*v. Suppose -4*o + 206 = 150. Calculate the remainder when i is divided by o.
6
Suppose 2*f = -4*u - 898, f - 686 = 2*u + u. Suppose -856*a + 2512*a = 185472. Calculate the remainder when a is divided by u/(-6) - (-2)/12.
36
Let i = 2 - -102. Let d(k) = -k**2 + 45*k + 61. What is the remainder when i is divided by d(46)?
14
Let s(a) = 56*a**2 + 15*a + 66. What is the remainder when s(1) is divided by 28 + (2 - 1) - 1?
25
Let u(m) be the first derivative of -m**4/4 + 4*m**3/3 + 3*m**2 - 10*m - 93. Calculate the remainder when 110 is divided by u(3).
8
Let g(r) = r**3 + 6*r**2 - 3*r - 11. Calculate the remainder when 50 is divided by g(-6).
1
Let m = 8730 - 7629. Calculate the remainder when m is divided by 9.
3
Suppose -h + 68 - 24 = 0. Suppose 5*x = o - 10, -x = 3*o - 2*x - h. Calculate the remainder when o is divided by 30/3*(4/(-14))/(4/(-7)).
0
Let r = -8 - -15. Suppose 2*t - 2*o - 124 = -r*o, 4*o = 4*t - 192. What is the remainder when t is divided by 11*2*(-1)/(-2)?
8
Calculate the remainder when (115/(-69))/(60/(-1584)) is divided by 40.
4
Let v(p) be the first derivative of 27*p**2 - 14*p + 16. What is the remainder when v(1) is divided by 14?
12
Let a(s) = 7*s - 70. Let g be a(10). Suppose 81*k - 84*k + 27 = g. Calculate the remainder when 14 is divided by k.
5
Suppose 0 = 2*j + 5*n - 85, -88*j = -86*j - 4*n - 130. What is the remainder when 1050 is divided by j?
5
Suppose 3840 = 5*h + 5*o, 14*h - 10*h - 3072 = -3*o. What is the remainder when h is divided by 31?
24
What is the remainder when 77 is divided by ((-94)/6 - (-6)/(-1)*1)*-3?
12
Let h(z) = -3*z + 6. Let f be h(5). Let m(l) = 11 + 15*l + 11 - 13*l. Calculate the remainder when 5 is divided by m(f).
1
Let k be -2*(-1)/(-2) + 124. Suppose 0 = -15*r - 782 - 328. Let g = k + r. What is the remainder when g is divided by 17?
15
Suppose 8*i - 112 = -0*i. Suppose -2*s + 44 = -12. Calculate the remainder when -3 + 4 + -2 + s is divided by i.
13
Suppose 2*b - b + 3*k - 15 = 0, 4*b - 53 = -5*k. Let q be (2/6)/1 - (-212)/(-6). Let i = -13 - q. What is the remainder when i is divided by b?
10
Suppose -216*a + 1531 - 451 = 0. Let c(g) = -g**2 + 6*g - 3. Let v be c(4). Suppose -v*y = -3 - 82. What is the remainder when y is divided by a?
2
Let n = 2610 + -2546. Calculate the remainder when 121 is divided by n.
57
Let a be -5 - (-7 + 14 - 4). Let b(z) = z**3 + 12*z**2 + 14*z - 25. What is the remainder when b(a) is divided by 63?
56
Suppose 19*h - 373 = -69. Calculate the remainder when 125 is divided by h.
13
Suppose p + 10 = 2*c, -7*p + 2*p + 2 = 3*c. Suppose -4*z + 7*z + 4*b = 23, 3*b - 33 = -c*z. Calculate the remainder when 26 is divided by z.
8
What is the remainder when 1371 is divided by (-341)/(-7 - (-91)/14)?
7
Suppose -5510*s + 5532*s = 6908. Calculate the remainder when s is divided by 109.
96
Let r = -760 - -514. Let u = 268 + r. What is the remainder when 26 is divided by u?
4
Let m(z) = z**3 + 37*z**2 - 25*z - 86. Let a be m(-38). Let b = a + 591. Calculate the remainder when 195 is divided by b.
8
Let o = -11078 - -11614. What is the remainder when o is divided by 29?
14
Calculate the remainder when 130 is divided by (1785/75)/(1/10*16/8).
11
Let m(h) be the third derivative of h**6/120 + 7*h**5/60 + h**4/8 + 13*h**3/6 + h**2 - 2*h. Calculate the remainder when m(-5) is divided by 5.
3
Let r = -60770 + 61288. Let v(z) = -z**3 - z + 40. What is the remainder when r is divided by v(0)?
38
Let y be ((-44)/(-10))/(3/15). Let l = y - 18. Let v(c) = c**3 - 3*c**2 - 2*c + 1. What is the remainder when v(4) is divided by l?
1
Let t = -63 - -98. Let x(m) = 2*m**2 - 89*m - 61. What is the remainder when x(47) is divided by t?
34
Suppose -22 - 13 = -7*j. Suppose -j*d - 24 = -a + 9, 0 = 2*a + 5*d - 66. Calculate the remainder when a is divided by 18.
15
Let s be ((-15 + 3)/4 + 2)/1. Let x be (s - -3) + -1 + -2. Let a(z) = -56*z - 2. What is the remainder when a(x) is divided by 19?
16
Let x = -44 - -78. What is the remainder when x is divided by ((-8)/(-2))/(34/33 - 88/242)?
4
Let d(k) = -436*k - 2064. What is the remainder when 4754 is divided by d(-5)?
114
Suppose 0 = 4*z + 28 + 40. Let y be (-8)/20 - z/5. Suppose -y*w = -3*g + g + 66, 3*g - 99 = 2*w. Calculate the remainder when g is divided by 18.
15
Let l(c) = 12*c + 5. Let w be l(-2). Let a = w - -21. Suppose 0 = 2*s + 2*s - 5*m - 86, 3*s - 5*m - 67 = 0. What is the remainder when s is divided by a?
1
Suppose 3*i = -n + 6*n + 472, 5*n - 348 = -2*i. Let s = -92 + i. Calculate the remainder when 287 is divided by s.
71
Let p be (-15)/(-6) - 4/(-8). Suppose -2*c + 4*r + 150 = -0*r, p*r - 278 = -4*c. Let i = -46 - -70. Calculate the remainder when c is divided by i.
23
Let g = -9 - -19. Let v = -667 - -379. Let a = v - -306. What is the remainder when a is divided by g?
8
Let d = 45 + -49. Let p be (4/8)/(d/832). Let n = p - -112. What is the remainder when 29 is divided by n?
5
Let j be 4/30*-3 - 32160/(-150). Let r = j - 211. What is the remainder when 10 is divided by r?
1
Let i be -3*((-2210)/105 + (-2)/7). Suppose i - 76 = -3*n. Calculate the remainder when 103 is divided by 214/n - (-69)/(-46).
51
Let j = 15727 - 15517. Calculate the remainder when 1255 is divided by j.
205
Let y(s) = s**2 - 129*s + 3567. What is the remainder when 1815 is divided by y(90)?
48
Suppose 16*p + 5*j - 310 = 12*p, j = 3*p - 223. Suppose r = 3*f + p, -283 = -4*r + 2*f + 7. What is the remainder when r is divided by (4 - 1)*(-40)/(-6)?
12
Calculate the remainder when 404 is divided by (2 - 3)*(-8 + (-370)/(-30))*-30.
14
Suppose -54*i + 303 = -1371. What is the remainder when 45 is divided by i?
14
Suppose 0 = -38*x + 42*x - 104. Suppose 28 + x = 3*q. What is the remainder when q is divided by 7?
4
Suppose -6*n = -40 - 26. Let k(s) = -s**3 + 29*s**2 + 59*s + 113. Calculate the remainder when k(31) is divided by n.
9
Let b be (21/12)/((-3)/(-12)). Let q be 3/b - (-2550)/175. Calculate the remainder when 23 is divided by 6/q - 290/(-25).
11
Let a = -68 + 117. Suppose -q + 30 + a = 0. Suppose -219*y + 2091 - 374 + 473 = 0. Calculate the remainder when q is divided by y.
9
Suppose -3*g - g + 36 = 0. Let m(j) = 28 + 13*j - 7*j - 2 + 3*j**2 - 4*j**2. Calculate the remainder when m(0) is divided by g.
8
Suppose 2*r - 2065 = j, 14*r + 9*j - 3150 = 11*r. Calculate the remainder when 4152 is divided by r.
12
Suppose -n = -197 - 61. Let o = 397 - n. What is the remainder when o is divided by 14?
13
Let z(i) = -i**3 - 9*i**2 - 5*i - 19. Let v be z(-9). Suppose 25*l = v*l - 63. What is the remainder when l is divided by 23?
17
Let z = -2329 + 3324. Calculate the remainder when z is divided by 176.
115
Let l = -7056 - -7207. What is the remainder when l is divided by 20?
11
Let n(v) = 2*v + 27. Let w(d) = -2*d**2 + 20*d + 9. Let m be w(10). Suppose 1 = 2*i - 23. Calculate the remainder when n(m) is divided by i.
9
Let i = -16 + 18. Calculate the remainder when (-155)/35 + 4 + 3114/63 is divided by (-1)/i*(-6 + -28).
15
Suppose 2459*h = 2478*h - 7410. What is the remainder when h is divided by 97?
2
Suppose -3*o = -26 + 5. Calculate the remainder when (2*5/5)/(12/66) is divided by o.
4
Let r = 16400 + -16119. What is the remainder when r is divided by 7?
1
Let t be (-1 - -51)*2/(-4 + 2). Let b = t + 53. Suppose u - 2*m = 0, 0 = -b*m + 7 + 2. What is the remainder when 20 is divided by u?
2
Suppose -4*g - 29 = -3*r, 5*r - 5*g = 102 - 52. Let y be 1608/132 + (-4)/22. Calculate the remainder when r is divided by (8/y)/((-8)/(-108)).
2
Suppose -2*d = 5*h - 6, -2*h = 5*d + 10 - 4. Suppose 3*y + 32 = 4*y. Calculate the remainder when (4/d)/1*190/(-4) is divided by y.
31
Let i be -6 - (30 + 27/3). Calculate the remainder when 104 is divided by (-610)/(-14) - i/105.
16
Let u(o) = 7*o. Let k(r) = 7*r. Let x(q) = -6*k(q) + 5*u(q). Calculate the remainder when x(-7) is divided by 11/(44/8)*(-25)/(-2).
24
Suppose -938 - 850 = -2*o + 210. Calculate the remainder when o is divided by 196.
19
Suppose -13*s = -14*s - 2. What is the remainder when 171 - 9*s/(-3) is divided by 19?
13
Let y(o) = 2*o**3 + o**2 - o + 2. Let d(m) = -3*m - 7. Let t be d(-3). What is 